{"id":1132,"date":"2017-03-22T17:30:26","date_gmt":"2017-03-22T15:30:26","guid":{"rendered":"http:\/\/www.sportomokykla.lt\/vrssm\/wp\/?page_id=1132"},"modified":"2024-07-30T14:45:17","modified_gmt":"2024-07-30T11:45:17","slug":"biatlonas","status":"publish","type":"page","link":"https:\/\/www.sportomokykla.lt\/?page_id=1132&lang=lt","title":{"rendered":"Biatlonas"},"content":{"rendered":"\n<p class=\"has-text-align-center\"><span style=\"color: #666699;\"><strong><span style=\"color: #008080;\">Mokytojas &#8211; Marijan Ka\u010danovski<\/span><\/strong><\/span><\/p>\n\n\n\n<figure class=\"wp-block-image aligncenter size-large\"><img loading=\"lazy\" decoding=\"async\" width=\"924\" height=\"1232\" src=\"https:\/\/www.sportomokykla.lt\/vrssm\/wp\/wp-content\/uploads\/2024\/07\/IMG_8766-edited.jpg\" alt=\"\" class=\"wp-image-16988\" srcset=\"https:\/\/www.sportomokykla.lt\/vrssm\/wp\/wp-content\/uploads\/2024\/07\/IMG_8766-edited.jpg 924w, https:\/\/www.sportomokykla.lt\/vrssm\/wp\/wp-content\/uploads\/2024\/07\/IMG_8766-edited-225x300.jpg 225w, https:\/\/www.sportomokykla.lt\/vrssm\/wp\/wp-content\/uploads\/2024\/07\/IMG_8766-edited-768x1024.jpg 768w\" sizes=\"auto, (max-width: 924px) 100vw, 924px\" \/><\/figure>\n\n\n\n<p class=\"has-text-align-center\">1984 metais baig\u0117 Lietuvos K\u016bno kult\u016bros akademij\u0105 ir \u012fgijo k\u016bno kult\u016bros mokytojo ir trenerio specialyb\u0119. Daugkartinis Lietuvos \u010dempionas ir prizininkas, biatlono sporto meistras 2009 m. Pasaulio veteran\u0173 biatlono \u010dempionas. Mokytoju dirba nuo 1985 m.<\/p>\n\n\n\n<p class=\"has-text-align-center\"><span style=\"color: #666699;\"><strong>Treniruot\u0117s vyksta biatlono \u0161audykloje Nemen\u010din\u0117s m.<\/strong><\/span><\/p>\n\n\n\n<p class=\"has-text-align-center\">Antradienis: 15.30 &#8211; 17.30<\/p>\n\n\n\n<p class=\"has-text-align-center\">Ketvirtadienis: 15.30 &#8211; 17.30<\/p>\n\n\n\n<p class=\"has-text-align-center\">Penktadienis:16.00 \u2013 17.00<\/p>\n\n\n\n<p class=\"has-text-align-center\"><span style=\"color: #666699;\"><strong>Susisiekti su mokytoju galima telefonu: 865506554.<\/strong><\/span><\/p>\n\n\n\n<p class=\"has-text-align-center\"><strong>____________________________________<\/strong><\/p>\n\n\n\n<figure class=\"wp-block-gallery aligncenter has-nested-images columns-4 is-cropped wp-block-gallery-1 is-layout-flex wp-block-gallery-is-layout-flex\">\n<figure class=\"wp-block-image size-large\"><a href=\"https:\/\/www.sportomokykla.lt\/vrssm\/wp\/wp-content\/uploads\/2021\/03\/IMG_0416.jpg\"><img loading=\"lazy\" decoding=\"async\" width=\"1024\" height=\"768\" data-id=\"10566\" src=\"https:\/\/www.sportomokykla.lt\/vrssm\/wp\/wp-content\/uploads\/2021\/03\/IMG_0416-1024x768.jpg\" alt=\"\" class=\"wp-image-10566\" srcset=\"https:\/\/www.sportomokykla.lt\/vrssm\/wp\/wp-content\/uploads\/2021\/03\/IMG_0416-1024x768.jpg 1024w, https:\/\/www.sportomokykla.lt\/vrssm\/wp\/wp-content\/uploads\/2021\/03\/IMG_0416-300x225.jpg 300w, https:\/\/www.sportomokykla.lt\/vrssm\/wp\/wp-content\/uploads\/2021\/03\/IMG_0416-768x576.jpg 768w, https:\/\/www.sportomokykla.lt\/vrssm\/wp\/wp-content\/uploads\/2021\/03\/IMG_0416.jpg 1200w\" sizes=\"auto, (max-width: 1024px) 100vw, 1024px\" \/><\/a><\/figure>\n\n\n\n<figure class=\"wp-block-image size-large\"><a href=\"https:\/\/www.sportomokykla.lt\/vrssm\/wp\/wp-content\/uploads\/2021\/03\/Clipboard01-11.jpg\"><img loading=\"lazy\" decoding=\"async\" width=\"1024\" height=\"410\" data-id=\"10711\" src=\"https:\/\/www.sportomokykla.lt\/vrssm\/wp\/wp-content\/uploads\/2021\/03\/Clipboard01-11-1024x410.jpg\" alt=\"\" class=\"wp-image-10711\" srcset=\"https:\/\/www.sportomokykla.lt\/vrssm\/wp\/wp-content\/uploads\/2021\/03\/Clipboard01-11-1024x410.jpg 1024w, https:\/\/www.sportomokykla.lt\/vrssm\/wp\/wp-content\/uploads\/2021\/03\/Clipboard01-11-300x120.jpg 300w, https:\/\/www.sportomokykla.lt\/vrssm\/wp\/wp-content\/uploads\/2021\/03\/Clipboard01-11-768x307.jpg 768w, https:\/\/www.sportomokykla.lt\/vrssm\/wp\/wp-content\/uploads\/2021\/03\/Clipboard01-11.jpg 1200w\" sizes=\"auto, (max-width: 1024px) 100vw, 1024px\" \/><\/a><\/figure>\n\n\n\n<figure class=\"wp-block-image size-large\"><a href=\"https:\/\/www.sportomokykla.lt\/vrssm\/wp\/wp-content\/uploads\/2021\/03\/IMG_0815.jpg\"><img loading=\"lazy\" decoding=\"async\" width=\"1024\" height=\"768\" data-id=\"10779\" src=\"https:\/\/www.sportomokykla.lt\/vrssm\/wp\/wp-content\/uploads\/2021\/03\/IMG_0815-1024x768.jpg\" alt=\"\" class=\"wp-image-10779\" srcset=\"https:\/\/www.sportomokykla.lt\/vrssm\/wp\/wp-content\/uploads\/2021\/03\/IMG_0815-1024x768.jpg 1024w, https:\/\/www.sportomokykla.lt\/vrssm\/wp\/wp-content\/uploads\/2021\/03\/IMG_0815-300x225.jpg 300w, https:\/\/www.sportomokykla.lt\/vrssm\/wp\/wp-content\/uploads\/2021\/03\/IMG_0815-768x576.jpg 768w, https:\/\/www.sportomokykla.lt\/vrssm\/wp\/wp-content\/uploads\/2021\/03\/IMG_0815.jpg 1200w\" sizes=\"auto, (max-width: 1024px) 100vw, 1024px\" \/><\/a><\/figure>\n\n\n\n<figure class=\"wp-block-image size-large\"><a href=\"https:\/\/www.sportomokykla.lt\/vrssm\/wp\/wp-content\/uploads\/2021\/07\/IMG_1172.jpg\"><img loading=\"lazy\" decoding=\"async\" width=\"1024\" height=\"768\" data-id=\"11204\" src=\"https:\/\/www.sportomokykla.lt\/vrssm\/wp\/wp-content\/uploads\/2021\/07\/IMG_1172-1024x768.jpg\" alt=\"\" class=\"wp-image-11204\" srcset=\"https:\/\/www.sportomokykla.lt\/vrssm\/wp\/wp-content\/uploads\/2021\/07\/IMG_1172-1024x768.jpg 1024w, https:\/\/www.sportomokykla.lt\/vrssm\/wp\/wp-content\/uploads\/2021\/07\/IMG_1172-300x225.jpg 300w, https:\/\/www.sportomokykla.lt\/vrssm\/wp\/wp-content\/uploads\/2021\/07\/IMG_1172-768x576.jpg 768w, https:\/\/www.sportomokykla.lt\/vrssm\/wp\/wp-content\/uploads\/2021\/07\/IMG_1172.jpg 1200w\" sizes=\"auto, (max-width: 1024px) 100vw, 1024px\" \/><\/a><\/figure>\n\n\n\n<figure class=\"wp-block-image size-large\"><a href=\"https:\/\/www.sportomokykla.lt\/vrssm\/wp\/wp-content\/uploads\/2021\/08\/IMG_1296.jpg\"><img loading=\"lazy\" decoding=\"async\" width=\"1024\" height=\"1024\" data-id=\"11306\" src=\"https:\/\/www.sportomokykla.lt\/vrssm\/wp\/wp-content\/uploads\/2021\/08\/IMG_1296-1024x1024.jpg\" alt=\"\" class=\"wp-image-11306\" srcset=\"https:\/\/www.sportomokykla.lt\/vrssm\/wp\/wp-content\/uploads\/2021\/08\/IMG_1296-1024x1024.jpg 1024w, https:\/\/www.sportomokykla.lt\/vrssm\/wp\/wp-content\/uploads\/2021\/08\/IMG_1296-300x300.jpg 300w, https:\/\/www.sportomokykla.lt\/vrssm\/wp\/wp-content\/uploads\/2021\/08\/IMG_1296-150x150.jpg 150w, https:\/\/www.sportomokykla.lt\/vrssm\/wp\/wp-content\/uploads\/2021\/08\/IMG_1296-768x768.jpg 768w, https:\/\/www.sportomokykla.lt\/vrssm\/wp\/wp-content\/uploads\/2021\/08\/IMG_1296.jpg 1200w\" sizes=\"auto, (max-width: 1024px) 100vw, 1024px\" \/><\/a><\/figure>\n\n\n\n<figure class=\"wp-block-image size-large\"><a href=\"https:\/\/www.sportomokykla.lt\/vrssm\/wp\/wp-content\/uploads\/2021\/08\/IMG_1433.jpg\"><img loading=\"lazy\" decoding=\"async\" width=\"1024\" height=\"1024\" data-id=\"11326\" src=\"https:\/\/www.sportomokykla.lt\/vrssm\/wp\/wp-content\/uploads\/2021\/08\/IMG_1433-1024x1024.jpg\" alt=\"\" class=\"wp-image-11326\" srcset=\"https:\/\/www.sportomokykla.lt\/vrssm\/wp\/wp-content\/uploads\/2021\/08\/IMG_1433-1024x1024.jpg 1024w, https:\/\/www.sportomokykla.lt\/vrssm\/wp\/wp-content\/uploads\/2021\/08\/IMG_1433-300x300.jpg 300w, https:\/\/www.sportomokykla.lt\/vrssm\/wp\/wp-content\/uploads\/2021\/08\/IMG_1433-150x150.jpg 150w, https:\/\/www.sportomokykla.lt\/vrssm\/wp\/wp-content\/uploads\/2021\/08\/IMG_1433-768x768.jpg 768w, https:\/\/www.sportomokykla.lt\/vrssm\/wp\/wp-content\/uploads\/2021\/08\/IMG_1433.jpg 1200w\" sizes=\"auto, (max-width: 1024px) 100vw, 1024px\" \/><\/a><\/figure>\n\n\n\n<figure class=\"wp-block-image size-large\"><a href=\"https:\/\/www.sportomokykla.lt\/vrssm\/wp\/wp-content\/uploads\/2021\/09\/IMG_1675.jpg\"><img loading=\"lazy\" decoding=\"async\" width=\"1024\" height=\"1024\" data-id=\"11420\" src=\"https:\/\/www.sportomokykla.lt\/vrssm\/wp\/wp-content\/uploads\/2021\/09\/IMG_1675-1024x1024.jpg\" alt=\"\" class=\"wp-image-11420\" srcset=\"https:\/\/www.sportomokykla.lt\/vrssm\/wp\/wp-content\/uploads\/2021\/09\/IMG_1675-1024x1024.jpg 1024w, https:\/\/www.sportomokykla.lt\/vrssm\/wp\/wp-content\/uploads\/2021\/09\/IMG_1675-300x300.jpg 300w, https:\/\/www.sportomokykla.lt\/vrssm\/wp\/wp-content\/uploads\/2021\/09\/IMG_1675-150x150.jpg 150w, https:\/\/www.sportomokykla.lt\/vrssm\/wp\/wp-content\/uploads\/2021\/09\/IMG_1675-768x768.jpg 768w, https:\/\/www.sportomokykla.lt\/vrssm\/wp\/wp-content\/uploads\/2021\/09\/IMG_1675.jpg 1200w\" sizes=\"auto, (max-width: 1024px) 100vw, 1024px\" \/><\/a><\/figure>\n\n\n\n<figure class=\"wp-block-image size-large\"><a href=\"https:\/\/www.sportomokykla.lt\/vrssm\/wp\/wp-content\/uploads\/2021\/09\/IMG_1678.jpg\"><img loading=\"lazy\" decoding=\"async\" width=\"1024\" height=\"1024\" data-id=\"11421\" src=\"https:\/\/www.sportomokykla.lt\/vrssm\/wp\/wp-content\/uploads\/2021\/09\/IMG_1678-1024x1024.jpg\" alt=\"\" class=\"wp-image-11421\" srcset=\"https:\/\/www.sportomokykla.lt\/vrssm\/wp\/wp-content\/uploads\/2021\/09\/IMG_1678-1024x1024.jpg 1024w, https:\/\/www.sportomokykla.lt\/vrssm\/wp\/wp-content\/uploads\/2021\/09\/IMG_1678-300x300.jpg 300w, https:\/\/www.sportomokykla.lt\/vrssm\/wp\/wp-content\/uploads\/2021\/09\/IMG_1678-150x150.jpg 150w, https:\/\/www.sportomokykla.lt\/vrssm\/wp\/wp-content\/uploads\/2021\/09\/IMG_1678-768x768.jpg 768w, https:\/\/www.sportomokykla.lt\/vrssm\/wp\/wp-content\/uploads\/2021\/09\/IMG_1678.jpg 1200w\" sizes=\"auto, (max-width: 1024px) 100vw, 1024px\" \/><\/a><\/figure>\n\n\n\n<figure class=\"wp-block-image size-large\"><a href=\"https:\/\/www.sportomokykla.lt\/vrssm\/wp\/wp-content\/uploads\/2021\/09\/IMG_1833.jpg\"><img loading=\"lazy\" decoding=\"async\" width=\"1024\" height=\"1024\" data-id=\"11488\" src=\"https:\/\/www.sportomokykla.lt\/vrssm\/wp\/wp-content\/uploads\/2021\/09\/IMG_1833-1024x1024.jpg\" alt=\"\" class=\"wp-image-11488\" srcset=\"https:\/\/www.sportomokykla.lt\/vrssm\/wp\/wp-content\/uploads\/2021\/09\/IMG_1833-1024x1024.jpg 1024w, https:\/\/www.sportomokykla.lt\/vrssm\/wp\/wp-content\/uploads\/2021\/09\/IMG_1833-300x300.jpg 300w, https:\/\/www.sportomokykla.lt\/vrssm\/wp\/wp-content\/uploads\/2021\/09\/IMG_1833-150x150.jpg 150w, https:\/\/www.sportomokykla.lt\/vrssm\/wp\/wp-content\/uploads\/2021\/09\/IMG_1833-768x768.jpg 768w, https:\/\/www.sportomokykla.lt\/vrssm\/wp\/wp-content\/uploads\/2021\/09\/IMG_1833.jpg 1200w\" sizes=\"auto, (max-width: 1024px) 100vw, 1024px\" \/><\/a><\/figure>\n\n\n\n<figure class=\"wp-block-image size-large\"><a href=\"https:\/\/www.sportomokykla.lt\/vrssm\/wp\/wp-content\/uploads\/2021\/09\/IMG_1780.jpg\"><img loading=\"lazy\" decoding=\"async\" width=\"1024\" height=\"1024\" data-id=\"11482\" src=\"https:\/\/www.sportomokykla.lt\/vrssm\/wp\/wp-content\/uploads\/2021\/09\/IMG_1780-1024x1024.jpg\" alt=\"\" class=\"wp-image-11482\" srcset=\"https:\/\/www.sportomokykla.lt\/vrssm\/wp\/wp-content\/uploads\/2021\/09\/IMG_1780-1024x1024.jpg 1024w, https:\/\/www.sportomokykla.lt\/vrssm\/wp\/wp-content\/uploads\/2021\/09\/IMG_1780-300x300.jpg 300w, https:\/\/www.sportomokykla.lt\/vrssm\/wp\/wp-content\/uploads\/2021\/09\/IMG_1780-150x150.jpg 150w, https:\/\/www.sportomokykla.lt\/vrssm\/wp\/wp-content\/uploads\/2021\/09\/IMG_1780-768x768.jpg 768w, https:\/\/www.sportomokykla.lt\/vrssm\/wp\/wp-content\/uploads\/2021\/09\/IMG_1780.jpg 1200w\" sizes=\"auto, (max-width: 1024px) 100vw, 1024px\" \/><\/a><\/figure>\n\n\n\n<figure class=\"wp-block-image size-large\"><a href=\"https:\/\/www.sportomokykla.lt\/vrssm\/wp\/wp-content\/uploads\/2021\/09\/IMG_1716.jpg\"><img loading=\"lazy\" decoding=\"async\" width=\"1024\" height=\"1024\" data-id=\"11476\" src=\"https:\/\/www.sportomokykla.lt\/vrssm\/wp\/wp-content\/uploads\/2021\/09\/IMG_1716-1024x1024.jpg\" alt=\"\" class=\"wp-image-11476\" srcset=\"https:\/\/www.sportomokykla.lt\/vrssm\/wp\/wp-content\/uploads\/2021\/09\/IMG_1716-1024x1024.jpg 1024w, https:\/\/www.sportomokykla.lt\/vrssm\/wp\/wp-content\/uploads\/2021\/09\/IMG_1716-300x300.jpg 300w, https:\/\/www.sportomokykla.lt\/vrssm\/wp\/wp-content\/uploads\/2021\/09\/IMG_1716-150x150.jpg 150w, https:\/\/www.sportomokykla.lt\/vrssm\/wp\/wp-content\/uploads\/2021\/09\/IMG_1716-768x768.jpg 768w, https:\/\/www.sportomokykla.lt\/vrssm\/wp\/wp-content\/uploads\/2021\/09\/IMG_1716.jpg 1200w\" sizes=\"auto, (max-width: 1024px) 100vw, 1024px\" \/><\/a><\/figure>\n\n\n\n<figure class=\"wp-block-image size-large\"><a href=\"https:\/\/www.sportomokykla.lt\/vrssm\/wp\/wp-content\/uploads\/2021\/09\/IMG_1644.jpg\"><img loading=\"lazy\" decoding=\"async\" width=\"1024\" height=\"1024\" data-id=\"11412\" src=\"https:\/\/www.sportomokykla.lt\/vrssm\/wp\/wp-content\/uploads\/2021\/09\/IMG_1644-1024x1024.jpg\" alt=\"\" class=\"wp-image-11412\" srcset=\"https:\/\/www.sportomokykla.lt\/vrssm\/wp\/wp-content\/uploads\/2021\/09\/IMG_1644-1024x1024.jpg 1024w, https:\/\/www.sportomokykla.lt\/vrssm\/wp\/wp-content\/uploads\/2021\/09\/IMG_1644-300x300.jpg 300w, https:\/\/www.sportomokykla.lt\/vrssm\/wp\/wp-content\/uploads\/2021\/09\/IMG_1644-150x150.jpg 150w, https:\/\/www.sportomokykla.lt\/vrssm\/wp\/wp-content\/uploads\/2021\/09\/IMG_1644-768x768.jpg 768w, https:\/\/www.sportomokykla.lt\/vrssm\/wp\/wp-content\/uploads\/2021\/09\/IMG_1644.jpg 1200w\" sizes=\"auto, (max-width: 1024px) 100vw, 1024px\" \/><\/a><\/figure>\n<\/figure>\n\n\n\n<p class=\"has-text-align-center\"><strong><span style=\"color:#008080\" class=\"has-inline-color\">Mokytojas &#8211; Radoslav Aleksandrov<\/span><\/strong><\/p>\n\n\n\n<p class=\"has-text-align-center\"><strong><span style=\"color:#666699\" class=\"has-inline-color\">Treniruot\u0117s vyksta biatlono \u0161audykloje Nemen\u010din\u0117s m.<\/span><\/strong><\/p>\n\n\n\n<figure class=\"wp-block-image aligncenter size-large\"><img loading=\"lazy\" decoding=\"async\" width=\"174\" height=\"171\" src=\"https:\/\/www.sportomokykla.lt\/vrssm\/wp\/wp-content\/uploads\/2021\/09\/Aleksandrov.jpg\" alt=\"\" class=\"wp-image-11528\"\/><\/figure>\n\n\n\n<p class=\"has-text-align-center\">Pirmadienis: 14.00 &#8211; 18.00<\/p>\n\n\n\n<p class=\"has-text-align-center\">Antradienis: 14:00 \u2013 17:30<\/p>\n\n\n\n<p class=\"has-text-align-center\">Tre\u010diadienis: 14.00 &#8211; 17.30<\/p>\n\n\n\n<p class=\"has-text-align-center\">Ketvirtadienis: 14:00 \u2013 17:30<\/p>\n\n\n\n<p class=\"has-text-align-center\">Penktadienis: 14:00 \u2013 17:30<\/p>\n\n\n\n<p class=\"has-text-align-center\"><strong><span style=\"color:#008080\" class=\"has-inline-color\">Mokytojas &#8211; <\/span><mark style=\"background-color:rgba(0, 0, 0, 0);color:#008080\" class=\"has-inline-color\">Arnold Lepiochin<\/mark><\/strong><\/p>\n\n\n\n<p class=\"has-text-align-center\"><strong><span style=\"color:#666699\" class=\"has-inline-color\">Treniruot\u0117s vyksta biatlono \u0161audykloje Nemen\u010din\u0117s m.<\/span><\/strong><\/p>\n\n\n\n<p class=\"has-text-align-center\">Pirmadienis: 14.00 &#8211; 18.00<\/p>\n\n\n\n<p class=\"has-text-align-center\">Antradienis: 14.00 \u2013 18.30<\/p>\n\n\n\n<p class=\"has-text-align-center\">Tre\u010diadienis: 14.00 &#8211; 18.00<\/p>\n\n\n\n<p class=\"has-text-align-center\">Ketvirtadienis: 14.00 \u2013 18.30<\/p>\n\n\n\n<p class=\"has-text-align-center\">Penktadienis: 14.00 \u2013 18.00<\/p>\n","protected":false},"excerpt":{"rendered":"<p>Mokytojas &#8211; Marijan Ka\u010danovski 1984 metais baig\u0117 Lietuvos K\u016bno kult\u016bros akademij\u0105 ir \u012fgijo k\u016bno kult\u016bros mokytojo ir trenerio specialyb\u0119. Daugkartinis Lietuvos \u010dempionas ir prizininkas, biatlono sporto meistras 2009 m. Pasaulio veteran\u0173 biatlono \u010dempionas. Mokytoju dirba nuo 1985 m. Treniruot\u0117s vyksta biatlono \u0161audykloje Nemen\u010din\u0117s m. Antradienis: 15.30 &#8211; 17.30 Ketvirtadienis: 15.30 &#8211; 17.30 Penktadienis:16.00 \u2013 17.00 [&hellip;]<\/p>\n","protected":false},"author":1,"featured_media":0,"parent":0,"menu_order":0,"comment_status":"closed","ping_status":"closed","template":"","meta":{"footnotes":""},"class_list":["post-1132","page","type-page","status-publish","hentry"],"_links":{"self":[{"href":"https:\/\/www.sportomokykla.lt\/index.php?rest_route=\/wp\/v2\/pages\/1132","targetHints":{"allow":["GET"]}}],"collection":[{"href":"https:\/\/www.sportomokykla.lt\/index.php?rest_route=\/wp\/v2\/pages"}],"about":[{"href":"https:\/\/www.sportomokykla.lt\/index.php?rest_route=\/wp\/v2\/types\/page"}],"author":[{"embeddable":true,"href":"https:\/\/www.sportomokykla.lt\/index.php?rest_route=\/wp\/v2\/users\/1"}],"replies":[{"embeddable":true,"href":"https:\/\/www.sportomokykla.lt\/index.php?rest_route=%2Fwp%2Fv2%2Fcomments&post=1132"}],"version-history":[{"count":27,"href":"https:\/\/www.sportomokykla.lt\/index.php?rest_route=\/wp\/v2\/pages\/1132\/revisions"}],"predecessor-version":[{"id":16989,"href":"https:\/\/www.sportomokykla.lt\/index.php?rest_route=\/wp\/v2\/pages\/1132\/revisions\/16989"}],"wp:attachment":[{"href":"https:\/\/www.sportomokykla.lt\/index.php?rest_route=%2Fwp%2Fv2%2Fmedia&parent=1132"}],"curies":[{"name":"wp","href":"https:\/\/api.w.org\/{rel}","templated":true}]}}