{"id":12936,"date":"2022-06-13T15:12:44","date_gmt":"2022-06-13T12:12:44","guid":{"rendered":"https:\/\/www.sportomokykla.lt\/?page_id=12936"},"modified":"2024-07-26T16:02:08","modified_gmt":"2024-07-26T13:02:08","slug":"tarnybiniai-automobiliai","status":"publish","type":"page","link":"https:\/\/www.sportomokykla.lt\/?page_id=12936&lang=lt","title":{"rendered":"Mokykliniai autobusai\u00a0"},"content":{"rendered":"\n<p><strong>Vilniaus r. Nemen\u010din\u0117s sporto mokyklos<\/strong> (VRNSM) turimos transporto priemon\u0117s, kurios yra naudojamos vykimui \u012f var\u017eybas, stovyklas: <\/p>\n\n\n\n<ul class=\"wp-block-list\">\n<li>VW Transporter (Kombi) 8+1 viet\u0173 mikroautobusas valst. nr. HMZ 847;<\/li>\n\n\n\n<li>MAN TGE 19+1 viet\u0173 M2 klas\u0117s keleivinis autobusas valst. nr. LPT 143;<\/li>\n\n\n\n<li>Toyota PROACE Verso 8+1 viet\u0173 M1 klas\u0117s mikroautobusas valst. nr. KJV 232;<\/li>\n\n\n\n<li>VW COMBI 8+1 viet\u0173 mikroautobusas valst. nr. JMO 931.<\/li>\n<\/ul>\n\n\n\n<figure class=\"wp-block-image aligncenter size-thumbnail\"><a href=\"https:\/\/www.sportomokykla.lt\/vrssm\/wp\/wp-content\/uploads\/2022\/07\/Transporter-Kombi.jpg\"><img loading=\"lazy\" decoding=\"async\" width=\"1200\" height=\"576\" src=\"https:\/\/www.sportomokykla.lt\/vrssm\/wp\/wp-content\/uploads\/2022\/07\/Transporter-Kombi.jpg\" alt=\"\" class=\"wp-image-13081\" srcset=\"https:\/\/www.sportomokykla.lt\/vrssm\/wp\/wp-content\/uploads\/2022\/07\/Transporter-Kombi.jpg 1200w, https:\/\/www.sportomokykla.lt\/vrssm\/wp\/wp-content\/uploads\/2022\/07\/Transporter-Kombi-300x144.jpg 300w, https:\/\/www.sportomokykla.lt\/vrssm\/wp\/wp-content\/uploads\/2022\/07\/Transporter-Kombi-1024x492.jpg 1024w, https:\/\/www.sportomokykla.lt\/vrssm\/wp\/wp-content\/uploads\/2022\/07\/Transporter-Kombi-768x369.jpg 768w\" sizes=\"auto, (max-width: 1200px) 100vw, 1200px\" \/><\/a><\/figure>\n\n\n\n<figure class=\"wp-block-image aligncenter size-thumbnail\"><a href=\"https:\/\/www.sportomokykla.lt\/vrssm\/wp\/wp-content\/uploads\/2022\/07\/Keleivinis-autobusas-MAN-TGE.jpg\"><img loading=\"lazy\" decoding=\"async\" width=\"1200\" height=\"709\" src=\"https:\/\/www.sportomokykla.lt\/vrssm\/wp\/wp-content\/uploads\/2022\/07\/Keleivinis-autobusas-MAN-TGE.jpg\" alt=\"\" class=\"wp-image-13079\" srcset=\"https:\/\/www.sportomokykla.lt\/vrssm\/wp\/wp-content\/uploads\/2022\/07\/Keleivinis-autobusas-MAN-TGE.jpg 1200w, https:\/\/www.sportomokykla.lt\/vrssm\/wp\/wp-content\/uploads\/2022\/07\/Keleivinis-autobusas-MAN-TGE-300x177.jpg 300w, https:\/\/www.sportomokykla.lt\/vrssm\/wp\/wp-content\/uploads\/2022\/07\/Keleivinis-autobusas-MAN-TGE-1024x605.jpg 1024w, https:\/\/www.sportomokykla.lt\/vrssm\/wp\/wp-content\/uploads\/2022\/07\/Keleivinis-autobusas-MAN-TGE-768x454.jpg 768w\" sizes=\"auto, (max-width: 1200px) 100vw, 1200px\" \/><\/a><\/figure>\n\n\n\n<figure class=\"wp-block-image aligncenter size-thumbnail\"><a href=\"https:\/\/www.sportomokykla.lt\/vrssm\/wp\/wp-content\/uploads\/2022\/07\/Mikroautobusas-Toyota-PROACE-Verso.jpg\"><img loading=\"lazy\" decoding=\"async\" width=\"1200\" height=\"647\" src=\"https:\/\/www.sportomokykla.lt\/vrssm\/wp\/wp-content\/uploads\/2022\/07\/Mikroautobusas-Toyota-PROACE-Verso.jpg\" alt=\"\" class=\"wp-image-13080\" srcset=\"https:\/\/www.sportomokykla.lt\/vrssm\/wp\/wp-content\/uploads\/2022\/07\/Mikroautobusas-Toyota-PROACE-Verso.jpg 1200w, https:\/\/www.sportomokykla.lt\/vrssm\/wp\/wp-content\/uploads\/2022\/07\/Mikroautobusas-Toyota-PROACE-Verso-300x162.jpg 300w, https:\/\/www.sportomokykla.lt\/vrssm\/wp\/wp-content\/uploads\/2022\/07\/Mikroautobusas-Toyota-PROACE-Verso-1024x552.jpg 1024w, https:\/\/www.sportomokykla.lt\/vrssm\/wp\/wp-content\/uploads\/2022\/07\/Mikroautobusas-Toyota-PROACE-Verso-768x414.jpg 768w\" sizes=\"auto, (max-width: 1200px) 100vw, 1200px\" \/><\/a><\/figure>\n\n\n\n<figure class=\"wp-block-image aligncenter size-large\"><img loading=\"lazy\" decoding=\"async\" width=\"1024\" height=\"820\" src=\"https:\/\/www.sportomokykla.lt\/vrssm\/wp\/wp-content\/uploads\/2024\/06\/vw-1024x820.jpg\" alt=\"\" class=\"wp-image-16875\" srcset=\"https:\/\/www.sportomokykla.lt\/vrssm\/wp\/wp-content\/uploads\/2024\/06\/vw-1024x820.jpg 1024w, https:\/\/www.sportomokykla.lt\/vrssm\/wp\/wp-content\/uploads\/2024\/06\/vw-300x240.jpg 300w, https:\/\/www.sportomokykla.lt\/vrssm\/wp\/wp-content\/uploads\/2024\/06\/vw-768x615.jpg 768w, https:\/\/www.sportomokykla.lt\/vrssm\/wp\/wp-content\/uploads\/2024\/06\/vw.jpg 1332w\" sizes=\"auto, (max-width: 1024px) 100vw, 1024px\" \/><\/figure>\n","protected":false},"excerpt":{"rendered":"<p>Vilniaus r. Nemen\u010din\u0117s sporto mokyklos (VRNSM) turimos transporto priemon\u0117s, kurios yra naudojamos vykimui \u012f var\u017eybas, stovyklas:<\/p>\n","protected":false},"author":1,"featured_media":0,"parent":0,"menu_order":0,"comment_status":"closed","ping_status":"closed","template":"","meta":{"footnotes":""},"class_list":["post-12936","page","type-page","status-publish","hentry"],"_links":{"self":[{"href":"https:\/\/www.sportomokykla.lt\/index.php?rest_route=\/wp\/v2\/pages\/12936","targetHints":{"allow":["GET"]}}],"collection":[{"href":"https:\/\/www.sportomokykla.lt\/index.php?rest_route=\/wp\/v2\/pages"}],"about":[{"href":"https:\/\/www.sportomokykla.lt\/index.php?rest_route=\/wp\/v2\/types\/page"}],"author":[{"embeddable":true,"href":"https:\/\/www.sportomokykla.lt\/index.php?rest_route=\/wp\/v2\/users\/1"}],"replies":[{"embeddable":true,"href":"https:\/\/www.sportomokykla.lt\/index.php?rest_route=%2Fwp%2Fv2%2Fcomments&post=12936"}],"version-history":[{"count":18,"href":"https:\/\/www.sportomokykla.lt\/index.php?rest_route=\/wp\/v2\/pages\/12936\/revisions"}],"predecessor-version":[{"id":16975,"href":"https:\/\/www.sportomokykla.lt\/index.php?rest_route=\/wp\/v2\/pages\/12936\/revisions\/16975"}],"wp:attachment":[{"href":"https:\/\/www.sportomokykla.lt\/index.php?rest_route=%2Fwp%2Fv2%2Fmedia&parent=12936"}],"curies":[{"name":"wp","href":"https:\/\/api.w.org\/{rel}","templated":true}]}}