{"id":1377,"date":"2017-03-27T17:07:12","date_gmt":"2017-03-27T14:07:12","guid":{"rendered":"http:\/\/www.sportomokykla.lt\/vrssm\/wp\/?page_id=1377"},"modified":"2022-09-26T10:30:51","modified_gmt":"2022-09-26T07:30:51","slug":"1377-2","status":"publish","type":"page","link":"https:\/\/www.sportomokykla.lt\/?page_id=1377&lang=pl","title":{"rendered":"Strzelectwo"},"content":{"rendered":"<p style=\"text-align: center;\"><span style=\"color: #008080;\"><b>Nauczyciel &#8211; Jolanta Awgustowska<\/b><\/span><\/p>\n<div id='gallery-1' class='gallery galleryid-1377 gallery-columns-1 gallery-size-thumbnail'><figure class='gallery-item'>\n\t\t\t<div class='gallery-icon landscape'>\n\t\t\t\t<a href='https:\/\/www.sportomokykla.lt\/vrssm\/wp\/wp-content\/uploads\/2018\/06\/timthumb.jpg'><img loading=\"lazy\" decoding=\"async\" width=\"150\" height=\"150\" src=\"https:\/\/www.sportomokykla.lt\/vrssm\/wp\/wp-content\/uploads\/2018\/06\/timthumb-150x150.jpg\" class=\"attachment-thumbnail size-thumbnail\" alt=\"\" \/><\/a>\n\t\t\t<\/div><\/figure>\n\t\t<\/div>\n\n<p>Jolanta Jancewicz jest wielokrotn\u0105 mistrzyni\u0105 Litwy w zawodach strzelectwa zespo\u0142owego oraz indywidualnych &#8211; pneumatyk i ma\u0142y kaliber.<\/p>\n<p><span style=\"color: #666699;\"><strong>Zaj\u0119cia odbywaj\u0105 si\u0119: w Gimnazjum w Zujunach.<\/strong><\/span><\/p>\n<ul>\n<li>Poniedzia\u0142ek:\n<ul>\n<li>16.35 \u2013 17.35<\/li>\n<\/ul>\n<\/li>\n<li>Wtorek:\n<ul>\n<li>16.35 \u2013 17.35<\/li>\n<\/ul>\n<\/li>\n<li>\u015aroda:\n<ul>\n<li>15.35 \u2013 17.35<\/li>\n<\/ul>\n<\/li>\n<li>Pi\u0105tek:\n<ul>\n<li>14.30 \u2013 18.30<\/li>\n<\/ul>\n<\/li>\n<\/ul>\n<p><span style=\"color: #666699;\"><strong>Telefon nauczyciela: 860834367.<\/strong><\/span><\/p>\n","protected":false},"excerpt":{"rendered":"<p>Nauczyciel &#8211; Jolanta Awgustowska Jolanta Jancewicz jest wielokrotn\u0105 mistrzyni\u0105 Litwy w zawodach strzelectwa zespo\u0142owego oraz indywidualnych &#8211; pneumatyk i ma\u0142y kaliber. Zaj\u0119cia odbywaj\u0105 si\u0119: w Gimnazjum w Zujunach. Poniedzia\u0142ek: 16.35 \u2013 17.35 Wtorek: 16.35 \u2013 17.35 \u015aroda: 15.35 \u2013 17.35 Pi\u0105tek: 14.30 \u2013 18.30 Telefon nauczyciela: 860834367.<\/p>\n","protected":false},"author":1,"featured_media":0,"parent":0,"menu_order":0,"comment_status":"closed","ping_status":"closed","template":"","meta":{"footnotes":""},"class_list":["post-1377","page","type-page","status-publish","hentry"],"_links":{"self":[{"href":"https:\/\/www.sportomokykla.lt\/index.php?rest_route=\/wp\/v2\/pages\/1377","targetHints":{"allow":["GET"]}}],"collection":[{"href":"https:\/\/www.sportomokykla.lt\/index.php?rest_route=\/wp\/v2\/pages"}],"about":[{"href":"https:\/\/www.sportomokykla.lt\/index.php?rest_route=\/wp\/v2\/types\/page"}],"author":[{"embeddable":true,"href":"https:\/\/www.sportomokykla.lt\/index.php?rest_route=\/wp\/v2\/users\/1"}],"replies":[{"embeddable":true,"href":"https:\/\/www.sportomokykla.lt\/index.php?rest_route=%2Fwp%2Fv2%2Fcomments&post=1377"}],"version-history":[{"count":15,"href":"https:\/\/www.sportomokykla.lt\/index.php?rest_route=\/wp\/v2\/pages\/1377\/revisions"}],"predecessor-version":[{"id":13672,"href":"https:\/\/www.sportomokykla.lt\/index.php?rest_route=\/wp\/v2\/pages\/1377\/revisions\/13672"}],"wp:attachment":[{"href":"https:\/\/www.sportomokykla.lt\/index.php?rest_route=%2Fwp%2Fv2%2Fmedia&parent=1377"}],"curies":[{"name":"wp","href":"https:\/\/api.w.org\/{rel}","templated":true}]}}