{"id":14894,"date":"2023-05-23T10:47:35","date_gmt":"2023-05-23T07:47:35","guid":{"rendered":"https:\/\/www.sportomokykla.lt\/?page_id=14894"},"modified":"2025-09-14T01:59:16","modified_gmt":"2025-09-13T22:59:16","slug":"dazniausiai-uzduodami-klausimai","status":"publish","type":"page","link":"https:\/\/www.sportomokykla.lt\/?page_id=14894&lang=lt","title":{"rendered":"Da\u017eniausiai u\u017eduodami klausimai"},"content":{"rendered":"\n<p class=\"has-text-align-left has-primary-color has-text-color has-link-color wp-elements-bd3df6f43982c2c7374f1d2b4d07202a\" style=\"font-size:16px;font-style:normal;font-weight:500\">Kokias sporto \u0161akas galima lankyti Vilniaus r. Nemen\u010din\u0117s sporto mokykloje?<\/p>\n\n\n\n<p class=\"has-text-align-left has-body-color has-text-color has-link-color wp-elements-bb506beaa432f471f930a765c869923b\" style=\"font-size:16px\">Vilniaus r. Nemen\u010din\u0117s sporto mokykloje kultivuojama 10 sporto \u0161ak\u0173: biatlonas, lengvoji atletika, imtyn\u0117s, boksas, krep\u0161inis, tinklinis, stalo tenisas, \u017eol\u0117s riedulys, futbolas, \u0161audymas. <\/p>\n\n\n\n<p class=\"has-text-align-center\"><\/p>\n\n\n\n<p><\/p>\n","protected":false},"excerpt":{"rendered":"<p>Kokias sporto \u0161akas galima lankyti Vilniaus r. Nemen\u010din\u0117s sporto mokykloje? Vilniaus r. Nemen\u010din\u0117s sporto mokykloje kultivuojama 10 sporto \u0161ak\u0173: biatlonas, lengvoji atletika, imtyn\u0117s, boksas, krep\u0161inis, tinklinis, stalo tenisas, \u017eol\u0117s riedulys, futbolas, \u0161audymas.<\/p>\n","protected":false},"author":1,"featured_media":0,"parent":0,"menu_order":0,"comment_status":"closed","ping_status":"closed","template":"","meta":{"footnotes":""},"class_list":["post-14894","page","type-page","status-publish","hentry"],"_links":{"self":[{"href":"https:\/\/www.sportomokykla.lt\/index.php?rest_route=\/wp\/v2\/pages\/14894","targetHints":{"allow":["GET"]}}],"collection":[{"href":"https:\/\/www.sportomokykla.lt\/index.php?rest_route=\/wp\/v2\/pages"}],"about":[{"href":"https:\/\/www.sportomokykla.lt\/index.php?rest_route=\/wp\/v2\/types\/page"}],"author":[{"embeddable":true,"href":"https:\/\/www.sportomokykla.lt\/index.php?rest_route=\/wp\/v2\/users\/1"}],"replies":[{"embeddable":true,"href":"https:\/\/www.sportomokykla.lt\/index.php?rest_route=%2Fwp%2Fv2%2Fcomments&post=14894"}],"version-history":[{"count":7,"href":"https:\/\/www.sportomokykla.lt\/index.php?rest_route=\/wp\/v2\/pages\/14894\/revisions"}],"predecessor-version":[{"id":19171,"href":"https:\/\/www.sportomokykla.lt\/index.php?rest_route=\/wp\/v2\/pages\/14894\/revisions\/19171"}],"wp:attachment":[{"href":"https:\/\/www.sportomokykla.lt\/index.php?rest_route=%2Fwp%2Fv2%2Fmedia&parent=14894"}],"curies":[{"name":"wp","href":"https:\/\/api.w.org\/{rel}","templated":true}]}}