{"id":1546,"date":"2017-03-29T09:45:16","date_gmt":"2017-03-29T06:45:16","guid":{"rendered":"http:\/\/www.sportomokykla.lt\/vrssm\/wp\/?page_id=1546"},"modified":"2025-09-14T01:47:45","modified_gmt":"2025-09-13T22:47:45","slug":"kontaktai","status":"publish","type":"page","link":"https:\/\/www.sportomokykla.lt\/?page_id=1546&lang=lt","title":{"rendered":"Kontaktai"},"content":{"rendered":"\n<p class=\"has-primary-color has-text-color has-link-color wp-elements-d3ea4687fff47cd0b13aa6be6bfaccad\" style=\"font-size:20px;font-style:normal;font-weight:500\">Mokyklos pavadinimas:<\/p>\n\n\n\n<p class=\"has-body-color has-text-color has-link-color wp-elements-ec1c4598f5ba961ebe73bf25908e7b81\" style=\"font-size:16px\">Vilniaus r. Nemen\u010din\u0117s sporto mokykla<\/p>\n\n\n\n<div style=\"height:2px\" aria-hidden=\"true\" class=\"wp-block-spacer\"><\/div>\n\n\n\n<p class=\"has-primary-color has-text-color has-link-color wp-elements-10d9aa1134338cccd4cd5d5447c9e1e1\" style=\"font-size:20px;font-style:normal;font-weight:500\">Vykdomos \u0161vietimo programos:\u00a0<\/p>\n\n\n\n<p class=\"has-body-color has-text-color has-link-color wp-elements-79c5f545aa1f30e5b0b1ed037fb280cf\">neformaliojo vaik\u0173 \u0161vietimo ir formal\u0173j\u012f \u0161vietim\u0105 papildan\u010dio ugdymo programos<\/p>\n\n\n\n<div style=\"height:2px\" aria-hidden=\"true\" class=\"wp-block-spacer\"><\/div>\n\n\n\n<p class=\"has-primary-color has-text-color has-link-color wp-elements-556418e2af68e039bb98e64341b94596\" style=\"font-size:20px;font-style:normal;font-weight:500\">Vilniaus r. Nemen\u010din\u0117s sporto mokyklos savininkas:<\/p>\n\n\n\n<p class=\"has-body-color has-text-color has-link-color wp-elements-841e4e20f3a1fee5325e17616c8ff98e\">Vilniaus rajono savivaldyb\u0117, identifikavimo kodas 111104987, LT-09318, Rinktin\u0117s g. 50<\/p>\n\n\n\n<div style=\"height:2px\" aria-hidden=\"true\" class=\"wp-block-spacer\"><\/div>\n\n\n\n<p class=\"has-primary-color has-text-color has-link-color wp-elements-e1eb6766b01727f4cbdc68b1cccc7ffd\" style=\"font-size:20px;font-style:normal;font-weight:500\">Registracijos ir buvein\u0117s adresas:<\/p>\n\n\n\n<p class=\"has-body-color has-text-color has-link-color wp-elements-f2373901f6656699d071ee01ee7118db\">Kalno g. 16B, Nemen\u010din\u0117, Vilniaus r., LT-15174<\/p>\n\n\n\n<div style=\"height:2px\" aria-hidden=\"true\" class=\"wp-block-spacer\"><\/div>\n\n\n\n<p class=\"has-primary-color has-text-color has-link-color wp-elements-c3457af9e426f65dcfd86f613c57e4be\" style=\"font-size:20px;font-style:normal;font-weight:500\">Tel.\/faks.:\u00a0<\/p>\n\n\n\n<p class=\"has-body-color has-text-color has-link-color wp-elements-b085325e3e58cd3a811c75bc50279bcd\">+370 52 371439<\/p>\n\n\n\n<div style=\"height:2px\" aria-hidden=\"true\" class=\"wp-block-spacer\"><\/div>\n\n\n\n<p class=\"has-primary-color has-text-color has-link-color wp-elements-60b87f585d1e6c4a974398ea1b6b93ee\" style=\"font-size:20px;font-style:normal;font-weight:500\">El. pa\u0161tas:<\/p>\n\n\n\n<p class=\"has-body-color has-text-color has-link-color wp-elements-0b55d9933b6e2ea215d1bd39785bec21\"><a href=\"mailto:info@sportomokykla.lt\"><strong>info@sportomokykla.lt<\/strong><\/a><\/p>\n\n\n\n<div style=\"height:2px\" aria-hidden=\"true\" class=\"wp-block-spacer\"><\/div>\n\n\n\n<p class=\"has-primary-color has-text-color has-link-color wp-elements-223eb12ace7cc741d6e9b20e0b2fadf3\" style=\"font-size:20px;font-style:normal;font-weight:500\">\u012emon\u0117s kodas:<\/p>\n\n\n\n<p class=\"has-body-color has-text-color has-link-color wp-elements-9d30079ccc1e2673a67cc9fb1ee8304a\">300048813<\/p>\n\n\n\n<div style=\"height:2px\" aria-hidden=\"true\" class=\"wp-block-spacer\"><\/div>\n\n\n\n<p class=\"has-primary-color has-text-color has-link-color wp-elements-bc6bd011333f550d43299312dfaf441b\" style=\"font-size:20px;font-style:normal;font-weight:500\">S\u0105skaita:<\/p>\n\n\n\n<p class=\"has-body-color has-text-color has-link-color wp-elements-401c81750028433989e8dbc72d17454d\">UAB \u201eMedicinos bankas\u201c, s\u0105skaitos Nr. LT287230000000345026<\/p>\n\n\n\n<div style=\"height:2px\" aria-hidden=\"true\" class=\"wp-block-spacer\"><\/div>\n\n\n\n<p class=\"has-primary-color has-text-color has-link-color wp-elements-0aaaf0c2945cec99c6264096aa1b7642\" style=\"font-size:20px;font-style:normal;font-weight:500\">Registras, kuriame kaupiami ir saugomi duomenys apie t\u0105 \u012fstaig\u0105:<\/p>\n\n\n\n<p class=\"has-body-color has-text-color has-link-color wp-elements-b86fd373c7fe2d363013799793785d43\">duomenys kaupiami ir saugomi Juridini\u0173 asmen\u0173 registre<\/p>\n\n\n\n<div style=\"height:2px\" aria-hidden=\"true\" class=\"wp-block-spacer\"><\/div>\n\n\n\n<p class=\"has-primary-color has-text-color has-link-color wp-elements-f61ab1319c6883fef47929e80c1ada1a\" style=\"font-size:20px;font-style:normal;font-weight:500\">Teisin\u0117 forma:<\/p>\n\n\n\n<p class=\"has-body-color has-text-color has-link-color wp-elements-31c54f5c102cbe550bc7b7b2a385b507\">biud\u017eetin\u0117 \u012fstaiga<\/p>\n\n\n\n<div style=\"height:2px\" aria-hidden=\"true\" class=\"wp-block-spacer\"><\/div>\n\n\n\n<p class=\"has-primary-color has-text-color has-link-color wp-elements-a9cf79ac61a6f27883cbe41acca84fc1\" style=\"font-size:20px;font-style:normal;font-weight:500\">Mokymo kalba (-os):<\/p>\n\n\n\n<p class=\"has-body-color has-text-color has-link-color wp-elements-2216cb9136274e19b63fce57edff97ab\">lietuvi\u0173 \/ lenk\u0173 \/ rus\u0173<\/p>\n\n\n\n<div style=\"height:2px\" aria-hidden=\"true\" class=\"wp-block-spacer\"><\/div>\n\n\n\n<p class=\"has-accent-color has-text-color has-link-color wp-elements-5e7913103c0b529b70f3b3bdfc767987\" style=\"font-style:normal;font-weight:500\"><a href=\"https:\/\/goo.gl\/maps\/K83unAHRJ5cWYX1V7\">Vilniaus r. Nemen\u010din\u0117s sporto mokykla \u2013 \u201eGoogle\u201c \u017eem\u0117lapyje<\/a><\/p>\n","protected":false},"excerpt":{"rendered":"<p>Mokyklos pavadinimas: Vilniaus r. Nemen\u010din\u0117s sporto mokykla Vykdomos \u0161vietimo programos:\u00a0 neformaliojo vaik\u0173 \u0161vietimo ir formal\u0173j\u012f \u0161vietim\u0105 papildan\u010dio ugdymo programos Vilniaus r. Nemen\u010din\u0117s sporto mokyklos savininkas: Vilniaus rajono savivaldyb\u0117, identifikavimo kodas 111104987, LT-09318, Rinktin\u0117s g. 50 Registracijos ir buvein\u0117s adresas: Kalno g. 16B, Nemen\u010din\u0117, Vilniaus r., LT-15174 Tel.\/faks.:\u00a0 +370 52 371439 El. pa\u0161tas: info@sportomokykla.lt \u012emon\u0117s kodas: [&hellip;]<\/p>\n","protected":false},"author":1,"featured_media":0,"parent":0,"menu_order":0,"comment_status":"closed","ping_status":"closed","template":"","meta":{"footnotes":""},"class_list":["post-1546","page","type-page","status-publish","hentry"],"_links":{"self":[{"href":"https:\/\/www.sportomokykla.lt\/index.php?rest_route=\/wp\/v2\/pages\/1546","targetHints":{"allow":["GET"]}}],"collection":[{"href":"https:\/\/www.sportomokykla.lt\/index.php?rest_route=\/wp\/v2\/pages"}],"about":[{"href":"https:\/\/www.sportomokykla.lt\/index.php?rest_route=\/wp\/v2\/types\/page"}],"author":[{"embeddable":true,"href":"https:\/\/www.sportomokykla.lt\/index.php?rest_route=\/wp\/v2\/users\/1"}],"replies":[{"embeddable":true,"href":"https:\/\/www.sportomokykla.lt\/index.php?rest_route=%2Fwp%2Fv2%2Fcomments&post=1546"}],"version-history":[{"count":44,"href":"https:\/\/www.sportomokykla.lt\/index.php?rest_route=\/wp\/v2\/pages\/1546\/revisions"}],"predecessor-version":[{"id":19158,"href":"https:\/\/www.sportomokykla.lt\/index.php?rest_route=\/wp\/v2\/pages\/1546\/revisions\/19158"}],"wp:attachment":[{"href":"https:\/\/www.sportomokykla.lt\/index.php?rest_route=%2Fwp%2Fv2%2Fmedia&parent=1546"}],"curies":[{"name":"wp","href":"https:\/\/api.w.org\/{rel}","templated":true}]}}