{"id":828,"date":"2018-09-24T09:00:34","date_gmt":"2018-09-24T06:00:34","guid":{"rendered":"http:\/\/www.sportomokykla.lt\/vrssm\/wp\/?page_id=828"},"modified":"2025-09-14T02:16:33","modified_gmt":"2025-09-13T23:16:33","slug":"laisvos-darbo-vietos","status":"publish","type":"page","link":"https:\/\/www.sportomokykla.lt\/?page_id=828&lang=lt","title":{"rendered":"Laisvos darbo vietos"},"content":{"rendered":"\n<p style=\"font-style:normal;font-weight:500\"><mark style=\"background-color:rgba(0, 0, 0, 0);color:#6a1414\" class=\"has-inline-color\">INFORMACIJA APIE SKELBIAM\u0104 KONKURS\u0104 \u00a0\u00a0\u00a0\u00a0\u00a0<\/mark><\/p>\n\n\n\n<p>Vilniaus r. Nemen\u010din\u0117s sporto mokykla skelbia konkurs\u0105 stalo teniso mokytojo pareigoms u\u017eimti (8 kontaktin\u0117s darbo valandos per savait\u0119) nuo 2025 m. rugs\u0117jo 1 d. darbo vieta \u2013 Zuj\u016bn\u0173 k., Vilniaus r. sav.<\/p>\n\n\n\n<p>Konkursas skelbiamas vadovaujantis \u0160vietimo, mokslo ir sporto ministro 2011 m. rugs\u0117jo 15 d. \u012fsakymu Nr. V-1680 patvirtintu Mokytojo pri\u0117mimo ir atleidimo i\u0161 darbo tvarkos apra\u0161u, taip pat vadovaujantis Lietuvos Respublikos valstyb\u0117s ir savivaldybi\u0173 \u012fstaig\u0173 darbuotoj\u0173 ir komisij\u0173 nari\u0173 darbo apmok\u0117jimo 2017 m. sausio 17 d. \u012fstatymo Nr. XIII-198 II skyriumi.<\/p>\n\n\n\n<ol class=\"wp-block-list\">\n<li>Pareigyb\u0117: stalo teniso mokytojas.<\/li>\n\n\n\n<li>Pareigyb\u0117s grup\u0117: III.<\/li>\n\n\n\n<li>Kvalifikacin\u0117 kategorija: A2 lygis.<\/li>\n\n\n\n<li>Pareigin\u0117s algos pastoviosios dalies koeficientas \u2013 nuo 1.1018 iki 1.1787, atsi\u017evelgiant \u012f mokytojo turim\u0105 kvalifikacin\u0119 kategorij\u0105.<\/li>\n<\/ol>\n\n\n\n<p style=\"font-size:16px;font-style:normal;font-weight:500\"><mark style=\"background-color:rgba(0, 0, 0, 0);color:#6a1414\" class=\"has-inline-color\">Reikalavimai pretendentui:<\/mark><\/p>\n\n\n\n<ol class=\"wp-block-list\">\n<li>Auk\u0161tasis universitetinis i\u0161silavinimas ir fizinio ugdymo mokytojo kvalifikacija arba lygia vert\u0119 sporto pedagogikos krypties kvalifikacija;<\/li>\n\n\n\n<li>Galiojanti pa\u017eyma apie teis\u0119 dirbti su vaikais (su QR kodu), pagal 2024-11-01 LR vaiko teisi\u0173 apsaugos pagrind\u0173 \u012fstatymo 30 straipsn\u012f;<\/li>\n\n\n\n<li>Galiojanti asmens medicinin\u0117 knygel\u0117;<\/li>\n\n\n\n<li>Vaik\u0173 turizmo rengini\u0173 organizavimo pa\u017eym\u0117jimas;<\/li>\n\n\n\n<li>Galiojantis privalom\u0173j\u0173 higienos \u012fg\u016bd\u017ei\u0173 ir pirmosios pagalbos mokym\u0173 pa\u017eym\u0117jimas;<\/li>\n\n\n\n<li class=\"has-body-color has-text-color has-link-color wp-elements-7aea99a23ca792a63e8c84b167427669\">Gyvenimo apra\u0161ym\u0105 (CV) si\u0173sti el. pa\u0161tu: <a href=\"mailto:info@sportomokykla.lt\"><mark style=\"background-color:rgba(0, 0, 0, 0)\" class=\"has-inline-color has-primary-color\">info@sportomokykla.lt<\/mark><\/a>&nbsp;arba pristatyti adresu Kalno g. 16B, Nemen\u010din\u0117, Vilniaus r. iki 2025 m. liepos 11 d. 12.00 val.<\/li>\n<\/ol>\n\n\n\n<p><mark style=\"background-color:rgba(0, 0, 0, 0);color:#6a1414\" class=\"has-inline-color\"><strong>Pretendent\u0173 vertinimo komisijos pos\u0117dis<\/strong>&nbsp;vyks 2025 m. liepos 16 d. 14.00 val.<\/mark><\/p>\n\n\n\n<p class=\"has-primary-color has-text-color has-link-color wp-elements-e43f2ec59d5054d4f6ca6551e7ed22de\" style=\"font-size:16px;font-style:normal;font-weight:500\"><a href=\"https:\/\/www.sportomokykla.lt\/vrssm\/wp\/wp-content\/uploads\/2025\/06\/S-143-Informacija-apie-skelbiama-konkursa_stalo-teniso-mokytojas-1.doc\">Informacija apie skelbiam\u0105 konkurs\u0105<\/a><\/p>\n","protected":false},"excerpt":{"rendered":"<p>INFORMACIJA APIE SKELBIAM\u0104 KONKURS\u0104 \u00a0\u00a0\u00a0\u00a0\u00a0 Vilniaus r. Nemen\u010din\u0117s sporto mokykla skelbia konkurs\u0105 stalo teniso mokytojo pareigoms u\u017eimti (8 kontaktin\u0117s darbo valandos per savait\u0119) nuo 2025 m. rugs\u0117jo 1 d. darbo vieta \u2013 Zuj\u016bn\u0173 k., Vilniaus r. sav. Konkursas skelbiamas vadovaujantis \u0160vietimo, mokslo ir sporto ministro 2011 m. rugs\u0117jo 15 d. \u012fsakymu Nr. V-1680 patvirtintu Mokytojo [&hellip;]<\/p>\n","protected":false},"author":1,"featured_media":0,"parent":0,"menu_order":0,"comment_status":"closed","ping_status":"closed","template":"","meta":{"footnotes":""},"class_list":["post-828","page","type-page","status-publish","hentry"],"_links":{"self":[{"href":"https:\/\/www.sportomokykla.lt\/index.php?rest_route=\/wp\/v2\/pages\/828","targetHints":{"allow":["GET"]}}],"collection":[{"href":"https:\/\/www.sportomokykla.lt\/index.php?rest_route=\/wp\/v2\/pages"}],"about":[{"href":"https:\/\/www.sportomokykla.lt\/index.php?rest_route=\/wp\/v2\/types\/page"}],"author":[{"embeddable":true,"href":"https:\/\/www.sportomokykla.lt\/index.php?rest_route=\/wp\/v2\/users\/1"}],"replies":[{"embeddable":true,"href":"https:\/\/www.sportomokykla.lt\/index.php?rest_route=%2Fwp%2Fv2%2Fcomments&post=828"}],"version-history":[{"count":70,"href":"https:\/\/www.sportomokykla.lt\/index.php?rest_route=\/wp\/v2\/pages\/828\/revisions"}],"predecessor-version":[{"id":19193,"href":"https:\/\/www.sportomokykla.lt\/index.php?rest_route=\/wp\/v2\/pages\/828\/revisions\/19193"}],"wp:attachment":[{"href":"https:\/\/www.sportomokykla.lt\/index.php?rest_route=%2Fwp%2Fv2%2Fmedia&parent=828"}],"curies":[{"name":"wp","href":"https:\/\/api.w.org\/{rel}","templated":true}]}}